prime factors of 166611.
3, 19, 37, 79
What are the prime factors of 94100?
2, 5, 941
What are the prime factors of 4512467?
1367, 3301
What are the prime factors of 388896?
2, 3, 4051
List the prime factors of 2439728.
2, 139, 1097
List the prime factors of 196813.
97, 2029
List the prime factors of 529836.
2, 3, 67, 659
What are the prime factors of 613881?
3, 68209
List the prime factors of 6797283.
3, 2265761
List the prime factors of 393647.
89, 4423
List the prime factors of 1810248.
2, 3, 11, 6857
List the prime factors of 476456.
2, 59557
List the prime factors of 430877.
59, 67, 109
List the prime factors of 958860.
2, 3, 5, 7, 761
What are the prime factors of 6692008?
2, 836501
List the prime factors of 51720.
2, 3, 5, 431
What are the prime factors of 344545?
5, 68909
What are the prime factors of 813584?
2, 50849
List the prime factors of 15987871.
17, 89, 10567
What are the prime factors of 323572?
2, 41, 1973
List the prime factors of 169591.
169591
List the prime factors of 30380321.
30380321
What are the prime factors of 1314584?
2, 73, 2251
What are the prime factors of 781402?
2, 23, 16987
List the prime factors of 1969110.
2, 3, 5, 11, 13, 17
What are the prime factors of 917093?
917093
What are the prime factors of 5378208?
2, 3, 11, 463
List the prime factors of 231043.
29, 31, 257
What are the prime factors of 408863?
7, 13, 4493
What are the prime factors of 235042?
2, 17, 31, 223
What are the prime factors of 96943?
7, 11, 1259
What are the prime factors of 13393063?
13393063
List the prime factors of 238234.
2, 23, 5179
What are the prime factors of 12964171?
11, 37, 53, 601
What are the prime factors of 156544?
2, 1223
What are the prime factors of 144232?
2, 11, 149
List the prime factors of 7439479.
37, 67, 3001
List the prime factors of 1359771.
3, 7, 73, 887
What are the prime factors of 13839251?
13839251
List the prime factors of 2971069.
107, 27767
List the prime factors of 597276.
2, 3, 47, 353
What are the prime factors of 7853783?
7, 19, 59051
List the prime factors of 1256571.
3, 139619
List the prime factors of 224613.
3, 47, 59
What are the prime factors of 18203644?
2, 389, 11699
List the prime factors of 1968574.
2, 41, 24007
What are the prime factors of 781591?
53, 14747
What are the prime factors of 10992118?
2, 5496059
What are the prime factors of 70652?
2, 17, 1039
What are the prime factors of 218957?
347, 631
List the prime factors of 20089917.
3, 744071
What are the prime factors of 300943?
151, 1993
What are the prime factors of 246312?
2, 3, 11, 311
List the prime factors of 874444.
2, 218611
List the prime factors of 9019329.
3, 11, 273313
List the prime factors of 4217329.
71, 59399
What are the prime factors of 896593?
29, 43, 719
What are the prime factors of 673249?
59, 11411
List the prime factors of 272444.
2, 68111
What are the prime factors of 731037?
3, 67, 3637
List the prime factors of 1640103.
3, 211, 2591
List the prime factors of 1231082.
2, 137, 4493
What are the prime factors of 924113?
43, 21491
What are the prime factors of 391275?
3, 5, 37, 47
List the prime factors of 183923.
17, 31, 349
What are the prime factors of 7886206?
2, 3943103
List the prime factors of 198112.
2, 41, 151
List the prime factors of 11320177.
11, 31, 89, 373
What are the prime factors of 1564329?
3, 13, 40111
List the prime factors of 161848.
2, 20231
What are the prime factors of 1256228?
2, 59, 5323
List the prime factors of 367430.
2, 5, 7, 29, 181
What are the prime factors of 1505980?
2, 5, 7, 31, 347
List the prime factors of 1888372.
2, 19, 24847
List the prime factors of 19524.
2, 3, 1627
List the prime factors of 433644.
2, 3, 36137
What are the prime factors of 931558?
2, 439, 1061
What are the prime factors of 2415578?
2, 11, 59, 1861
What are the prime factors of 2011132?
2, 41, 12263
List the prime factors of 4491904.
2, 19, 1847
What are the prime factors of 473396?
2, 7, 11, 29, 53
List the prime factors of 68500.
2, 5, 137
List the prime factors of 8240806.
2, 7, 79, 7451
What are the prime factors of 873822?
2, 3, 145637
What are the prime factors of 99851?
31, 3221
List the prime factors of 3767139.
3, 223, 1877
List the prime factors of 7331906.
2, 47, 77999
List the prime factors of 59965.
5, 67, 179
List the prime factors of 3115711.
53, 58787
List the prime factors of 2676360.
2, 3, 5, 22303
List the prime factors of 32273.
59, 547
List the prime factors of 1460526.
2, 3, 243421
What are the prime factors of 12709834?
2, 47, 135211
List the prime factors of 261561.
3, 87187
What are the prime factors of 8952171?
3, 2984057
What are the prime factors of 1458296?
2, 7, 26041
List the prime factors of 6453317.
13, 23, 113, 191
List the prime factors of 3214366.
2, 1607183
What are the prime factors of 23040434?
2, 23, 47, 10657
List the prime factors of 811019.
11, 17, 4337
What are the prime factors of 383095?
5, 17, 4507
List the prime factors of 2041779.
3, 23, 127, 233
List the prime factors of 37282.
2, 7, 2663
List the prime factors of 293255.
5, 89, 659
What are the prime factors of 13439808?
2, 3, 23333
What are the prime factors of 13487914?
2, 11, 31, 19777
What are the prime factors of 315968?
2, 4937
List the prime factors of 119179.
119179
What are the prime factors of 8294353?
61, 227, 599
What are the prime factors of 6213780?
2, 3, 5, 37, 311
What are the prime factors of 398478?
2, 3, 66413
What are the prime factors of 687576?
2, 3, 28649
List the prime factors of 954418.
2, 477209
What are the prime factors of 3476565?
3, 5, 23, 3359
What are the prime factors of 1858157?
7, 265451
List the prime factors of 8166630.
2, 3, 5, 17, 67, 239
What are the prime factors of 5806593?
3, 13, 71, 233
What are the prime factors of 1015892?
2, 19, 13367
List the prime factors of 4779778.
2, 2389889
List the prime factors of 21686929.
11, 1971539
List the prime factors of 786209.
23, 34183
What are the prime factors of 4072426?
2, 23, 223, 397
What are the prime factors of 260450?
2, 5, 5209
List the prime factors of 149713.
149713
List the prime factors of 3746481.
3, 29, 43063
List the prime factors of 468239.
468239
What are the prime factors of 427266?
2, 3, 7, 3391
List the prime factors of 14531420.
2, 5, 43, 61, 277
What are the prime factors of 248813?
248813
What are the prime factors of 194992?
2, 7, 1741
What are the prime factors of 1801080?
2, 3, 5, 5003
List the prime factors of 3993710.
2, 5, 7, 59, 967
What are the prime factors of 10582785?
3, 5, 277, 283
What are the prime factors of 19141216?
2, 598163
List the prime factors of 1667609.
1667609
What are the prime factors of 1119846?
2, 3, 7, 13, 293
What are the prime factors of 3678462?
2, 3, 204359
List the prime factors of 13122379.
13122379
List the prime factors of 80233.
80233
What are the prime factors of 365622?
2, 3, 60937
List the prime factors of 223995.
3, 5, 109, 137
List the prime factors of 3410656.
2, 53, 2011
What are the prime factors of 3577793?
3577793
List the prime factors of 327511.
327511
List the prime factors of 6490457.
19, 341603
List the prime factors of 224850.
2, 3, 5, 1499
What are the prime factors of 285602?
2, 61, 2341
List the prime factors of 152992.
2, 7, 683
List the prime factors of 1039151.
31, 33521
What are the prime factors of 12456016?
2, 293, 2657
What are the prime factors of 156756?
2, 3, 13063
What are the prime factors of 363488?
2, 37, 307
What are the prime factors of 22652981?
13, 1742537
What are the prime factors of 831206?
2, 415603
What are the prime factors of 619103?
137, 4519
List the prime factors of 210578.
2, 211, 499
List the prime factors of 1459687.
37, 39451
What are the prime factors of 1010975?
5, 7, 53, 109
List the prime factors of 88192.
2, 13, 53
What are the prime factors of 375611?
19, 53, 373
List the prime factors of 3002310.
2, 3, 5, 33359
What are the prime factors of 5353205?
5, 11, 13, 7487
What are the prime factors of 136101?
3, 7, 6481
What are the prime factors of 1198719?
3, 4933
List the prime factors of 3682417.
1907, 1931
What are the prime factors of 98049?
3, 7, 23, 29
List the prime factors of 175311.
3, 43, 151
What are the prime factors of 130975?
5, 13, 31
What are the prime factors of 740197?
17, 43541
Lis